ds digit of n?
3
Let b = 16602 + -11185. What is the tens digit of b?
1
Let q = 13338 - 4994. Suppose -16*i = -q - 4376. What is the hundreds digit of i?
7
Let h = 538 - 533. Suppose -h*n + 2*j + 4486 = -259, -3794 = -4*n + 2*j. What is the hundreds digit of n?
9
Let l = -268 - -342. Suppose -2*j + 418 = 4*o, 2*j - 5*o + l = 465. What is the units digit of j?
3
Let h = -7158 - -66210. What is the tens digit of h?
5
Suppose 43*v + 40*v = 1872729. What is the units digit of v?
3
Let b(n) = 259*n + 7164. What is the hundreds digit of b(47)?
3
Let p(b) = -45*b + 4517. What is the units digit of p(-28)?
7
Let g = 54052 + -31938. What is the hundreds digit of g?
1
Let t(n) = 28*n**2 - 8*n + 34. Let v be t(5). Let u = v + 215. What is the tens digit of u?
0
Suppose -3*l - 12 = -s, -21 = -4*s + 5*l - 2*l. Suppose s*z = -3*v + 150, 7*z = 3*z + 12. Suppose -13 - v = -3*o. What is the units digit of o?
0
Let v(z) = -z**3 - z - 1. Let o(y) = 11*y**3 + 6*y**2 + y - 10. Let w(k) = -o(k) - 4*v(k). What is the hundreds digit of w(-4)?
3
Suppose 11*t - 294636 - 356124 = 0. What is the units digit of t?
0
What is the units digit of 24534/10 - 62/155?
3
Let u(i) = -1571*i - 4390. What is the thousands digit of u(-26)?
6
Let q = 3773 + -11278. What is the tens digit of (-3)/2*(-5 + q/15)?
5
Suppose -9*j + 125374 + 80261 = 54507. What is the hundreds digit of j?
7
Let p(h) = -h**3 - 51*h**2 - 49*h - 608. What is the tens digit of p(-52)?
4
Suppose -149*z - 10146 = -35*z. Suppose j + 2*j = -378. Let t = z - j. What is the tens digit of t?
3
Suppose 548943 + 541303 = 23*s. What is the thousands digit of s?
7
Let s = 8684 - 5002. What is the units digit of s?
2
Let c = -530 + 757. Let t = -77 + 200. Let r = c - t. What is the hundreds digit of r?
1
Suppose -5*o = 3 - 18. Suppose 60 = o*h + 2*h. Suppose -4*b = -h*b + 120. What is the units digit of b?
5
Suppose -2*r + 6019 = -3*f - 11684, -5*f = -2*r + 17697. What is the tens digit of r?
5
Let z(t) = t**3 + 10*t**2 + 9*t - 2. Let f be z(-9). Let q be 0/1*(2 - (3 + f)). Suppose q = g - 3*i - 43, i - 73 = -2*g + 6. What is the tens digit of g?
4
Let c(v) be the first derivative of -v**4/4 + 16*v**3/3 + 21*v**2/2 - 29*v + 22. What is the hundreds digit of c(15)?
5
Let l = -21370 - -53292. What is the hundreds digit of l?
9
What is the hundreds digit of (-16)/18 + (-1887439)/(-1017)?
8
Let o(t) = 7613*t - 1254. What is the units digit of o(4)?
8
What is the units digit of (-18447)/286*-94*1?
3
Let x = 7 - -23015. What is the hundreds digit of x?
0
Let y(h) = -19*h**2 - 15*h - 37. Let i be y(-2). Let k = i + 272. What is the tens digit of k?
8
Let m be (26 + 1)/((-7)/(-7)). Suppose -m*y - 1248 = -23*y. What is the tens digit of (y/(-10))/(11/55)?
5
Let m(s) = -s**3 - 6*s**2 + 4. Let i be m(-3). Let c = 24 + i. What is the units digit of (6 - 5) + (50 - c)?
0
Let c = 9665 + -5923. What is the tens digit of c?
4
Let d = 11220 + -6032. What is the tens digit of d?
8
Let z = 224 + -218. What is the hundreds digit of (1916/z)/(38/57)?
4
Let f = -295 + 277. Let t(m) = -41*m + 97. What is the tens digit of t(f)?
3
Let f = 21 - 27. Let k be 1104/22 + f/33. Let j = 94 - k. What is the tens digit of j?
4
Let f = -15 - -110. Suppose 0 = 2*t + 104 - 352. Suppose 93*b = f*b - t. What is the units digit of b?
2
Suppose 54*b = 42820 + 69446. What is the thousands digit of b?
2
Suppose -48 = -11*p + 5*p. Suppose -3*l = -p*l - 30. What is the tens digit of (22/l)/(((-15)/3)/75)?
5
Suppose 11*p + 21*p - 1174848 = 0. What is the thousands digit of p?
6
What is the units digit of (9110 - -3) + 9 + 13 + -18?
7
Let j = -258 + -582. Let v = j + 2150. Suppose 0 = 11*y - y - v. What is the tens digit of y?
3
Let x(m) = m - 8. Let u be x(12). Suppose 5*h - 5 = u*h. Suppose h*g = 3*s - 6*s + 90, 4*s - 143 = g. What is the tens digit of s?
3
What is the hundreds digit of (-16 + 3/15*35)*2487/(-9)?
4
Let u = -10399 + 15653. What is the tens digit of u?
5
Let i(z) = -4*z + 3 + 3*z**2 + z - 2*z**2. Suppose 0 = 27*f - 139 - 158. What is the units digit of i(f)?
1
What is the thousands digit of 2/(-11) - (-19)/((-2926)/(-2601396))?
6
Suppose 4*q + 26 = -5*w, -4*w + 7 = -3*q + 3. Let d be (12/q)/(1*3/(-51)). Let h = 68 - d. What is the tens digit of h?
1
Let n(d) = -7*d + 8. Let v(o) = -20*o + 25. Let h(s) = 8*n(s) - 3*v(s). Let p be h(4). Suppose p*x + 310 = 935. What is the tens digit of x?
2
Suppose u = -4*u - a + 49329, -30 = 5*a. What is the thousands digit of u?
9
Let d = -1568 - -2573. Suppose 4*k = -y + d, -y - 5*k + 198 = -810. What is the hundreds digit of y?
9
Suppose 5*a = 4*a + 24. Suppose -5*f + f - a = -3*u, 3*f - u + 18 = 0. Let y = -1 - f. What is the units digit of y?
5
Let z(g) = 5*g - 13. Let f be z(5). Let v be ((-12)/18 - 12/9) + f. Suppose a - v*a = -2619. What is the tens digit of a?
9
Let u = -26 + 30. Suppose -u*b = -4*d - 216, 2*d - d + 4*b + 39 = 0. Let z = -38 - d. What is the units digit of z?
3
Suppose 0 = 3*r - 7*r, 0 = 3*l + 4*r + 372. What is the hundreds digit of 1*(-5 - -3)*l?
2
Let z(q) = -q**2 + q + 7. Let x be z(3). Suppose 2*l = x - 13. What is the tens digit of ((-3)/l)/((-3)/(-72))?
1
Let j = 85 - 82. Suppose 0 = -v + 3*v - 5*t - 610, -905 = -j*v + 5*t. Let a = -173 + v. What is the units digit of a?
2
Let a be (136/(-6))/(6/(-9)). Suppose 11 = 3*o - a. Let f = -10 + o. What is the units digit of f?
5
Let w = 6530 - 460. What is the units digit of w?
0
Let t be (0 + (-6)/(-8))/(5/40). Suppose 1 - 1 = -t*y. Suppose -2*c + 4*c - 184 = y. What is the tens digit of c?
9
Let z = -29 + 34. Suppose -130 = -z*k + 2370. Suppose 10*g = 14*g - k. What is the tens digit of g?
2
Let u be (5/(-3) - -1)*12/(-8). Let g = 0 + u. What is the units digit of g + -2 - (-6 - 68)?
3
Let y(s) = -12*s - 180. Let b be y(-15). Suppose b = 15*i - 6678 - 5892. What is the hundreds digit of i?
8
Let g(h) = -h**3 + 14*h**2 - 5*h - 26. Let k(w) = 5*w + 93. Let d be k(-16). What is the units digit of g(d)?
8
Let c be -3 + -293 - (-1 + -3 - -2). Let b = -110 - 12. Let a = b - c. What is the tens digit of a?
7
Let f = -12637 + 69674. What is the thousands digit of f?
7
Suppose 1 = g - 1. Suppose -3*u - g*u = -955. Suppose 516 = 5*t + u. What is the units digit of t?
5
Let q(u) = 65*u + 3. Let y be q(0). Suppose -y*o = -39*o + 36648. What is the hundreds digit of o?
0
Let r(s) = 20*s + 21. Let q(u) = -39*u - 41. Let k(c) = -2*q(c) - 5*r(c). Suppose 2*n = d + 18, -3*d = d - 3*n + 37. What is the units digit of k(d)?
5
Let t be (1 + -1)/(-7 - -8). Suppose 2*q = -t*q + 2, z = q - 7. What is the units digit of (4 - 2)/(-4) - 645/z?
7
Suppose 3*o - 2 - 7 = 0. Let h = o + -7. What is the tens digit of ((-55)/25 - -3)/(h/(-350))?
7
Let z(h) = h**3 - 9*h**2 - 81*h + 166. What is the tens digit of z(18)?
2
Let x = 16262 - 9178. Suppose 6*m - x = -8*m. What is the hundreds digit of m?
5
Let i = 1356 - -1719. Suppose 0 = -x - 12*k + 10*k + 615, -i = -5*x + 2*k. What is the units digit of x?
5
Suppose 2*r + 15 = 19, 0 = 4*p + 5*r - 23678. What is the hundreds digit of p?
9
Suppose -14*t - 8*t = -0*t - 128040. What is the units digit of t?
0
Suppose -5*b + 67555 + 47 = -17063. What is the ten thousands digit of b?
1
Let u(a) be the third derivative of -13/24*a**4 + 0*a + 17*a**2 + 0 - 2/3*a**3. What is the tens digit of u(-7)?
8
Let h(l) = l**2 - 5*l - 28. Let b be h(10). Suppose 3038 = b*o - 5476. What is the units digit of o?
7
Let z = 168 + -229. Let q = 175 + z. What is the tens digit of q?
1
Let w be ((-386)/4)/(2/(-12)). Let l(x) = 58*x + 29. Let f be l(-7). Let a = w + f. What is the hundreds digit of a?
2
Suppose 0 = -r - 512 + 14. Let z = 956 + r. What is the tens digit of z?
5
Suppose -4*s + 321 + 51 = 0. Let q = s - 94. What is the tens digit of q*((-907)/5 + 4/10)?
8
Let x = 65100 - 43457. What is the units digit of x?
3
Let b be (-39)/65*15 + 11. Suppose g = 2*a - 6, -2*a + g = -4*g - 14. Suppose -a*k = b*k - 532. What is the units digit of k?
3
Let j(v) = 2166*v + 176. Let q be j(9). What is the tens digit of (9 - 1) + q/35?
7
Suppose 30*f = 3*f + 324. Let h(j) = -2*j**2 + 32*j - 90. What is the units digit of h(f)?
6
Suppose -20*g + 22*g = 28. Let c(x) = x**2 - 24*x - 24. Let t be c(g). What is the units digit of (-18)/81 + t/(-9)?
8
Let i = -